4 + 5 = -3*c, 0 = 3*d + 3. What are the prime factors of (-5508)/(-21) - (c - (-9)/7)?
2, 131
Let m(o) = o**3 - 12*o**2 - 17*o + 55. Let p be m(13). Suppose 0 = p*u - b - 2956, -5*u - 3*b + 3953 + 969 = 0. What are the prime factors of u?
5, 197
Let n(t) = 109*t**2 - 68*t - 382. List the prime factors of n(-5).
2683
Let j(m) = m**3 - 26*m**2 - 18*m + 14. Let r be j(27). Let y = r + 50. List the prime factors of y.
307
Suppose 0*j - 80 = -4*t + 3*j, 2*t - 18 = -4*j. Let k = -523 - -526. Suppose -9 = 3*n + k*z, -2*z + 3 = -2*n + t. What are the prime factors of n?
2
Suppose -58*y - 535 = -63*y. Let g = 104 + y. What are the prime factors of g?
211
Let a(s) = 2*s + 21. Let r(c) = 3*c + 41. Let h(o) = -5*a(o) + 3*r(o). Let j be h(-6). Suppose -31*y + j*y = -1323. What are the prime factors of y?
3, 7
Suppose 0 = -4*m - 3*h + 136658, 0 = -40*m + 39*m - 2*h + 34172. What are the prime factors of m?
2, 5, 7, 61
Let z(u) = -u**3 + 14*u**2 - 2*u + 25. Suppose t + 5*g = 18, -2*g - 9 - 3 = -2*t. List the prime factors of z(t).
3, 131
Suppose -131*d + 107*d + 9304950 = 126*d. List the prime factors of d.
17, 41, 89
Suppose -5*m = -13*g + 65832, 5*g - 8*g + 4*m = -15192. What are the prime factors of g?
2, 3, 211
Let l be 16/40*-153*-5. Suppose -3*i = -195 - l. List the prime factors of i.
167
Let x be 0/((-6)/(6/5) - -4). Suppose x*t = 15*t + 6450. Let p = -267 - t. List the prime factors of p.
163
Suppose 2*s + 3824 = u, -4*s - u - 4*u - 7634 = 0. Let g = s - -2873. List the prime factors of g.
2, 13, 37
Let z = 4 + 2. Let v(y) = 12*y**3 - 17*y**2 - 41*y - 4. Let g be v(-3). List the prime factors of (g/3)/(z/(-9)).
179
Let q = 124 - -276. Suppose 0 = -2*z + 6*z - q. Suppose -s + z = 2*x, -5*s - 5*x = -3*x - 524. What are the prime factors of s?
2, 53
Suppose 4*j = f + 8, -j + 2 = 5*f - 0*j. Suppose 15*x = -4*i + 12*x + 1167, i + 2*x - 293 = f. List the prime factors of i.
3, 97
Suppose k + 2*n - 30349 = 0, 5*k + 144*n - 151815 = 148*n. What are the prime factors of k?
7, 4337
Suppose 6*c = -82 - 74. Let j = c - -34. Suppose -3*r + j*a - 9*a = -494, 2*a + 652 = 4*r. What are the prime factors of r?
2, 41
Let z = 61 + -62. What are the prime factors of 430 + 3/9*-3 + z?
2, 107
Suppose -16 = -8*x + 4*x. Suppose x*r + 18 = 2*r - 3*l, 5*l = 0. Let p = 26 + r. List the prime factors of p.
17
Let i(u) = -93*u + 19 + 38*u + 27*u. What are the prime factors of i(-9)?
271
List the prime factors of 1 - 4/(-1) - (94 - 6795).
2, 7, 479
Suppose -3*q + 1 = k, -1 - 5 = -2*q - 2*k. Let m be (-1 + -1 - -2)/q. Suppose 7*s - 70 = -m*s. List the prime factors of s.
2, 5
Let l = -27 + 52. Suppose -10*p + l = -5*p. Suppose -n + 2*k = -0*k - 96, p*n = 4*k + 498. List the prime factors of n.
2, 3, 17
List the prime factors of (-1)/(5 + (-119621)/23924).
2, 5981
Let n be (17/(-3) - -6)*1482. Suppose -2*b - 1541 = -3*s, -2*s = b - 1519 + n. What are the prime factors of s?
3, 19
Let s(p) = -24*p + 676. Let a be s(28). Let t be 30/4 + (-3)/(-6). Suppose -a*k + 40 = -4*d, -3*d + 15 = -2*k - t*d. What are the prime factors of k?
5
Suppose -4*h = 4, -h - 1944 = -5*s - 2*h. What are the prime factors of s + 4 + -4 + 8?
397
Let g = -28 - -31. Let l be ((-2)/3)/(g/(-18)). Suppose v + v + 2*o - 210 = 0, 0 = -2*v + l*o + 180. List the prime factors of v.
2, 5
Let f(y) be the first derivative of 3*y**2 - 2*y + 62. What are the prime factors of f(14)?
2, 41
Let p(c) = 471*c**2 + 53*c + 265. List the prime factors of p(-9).
11, 3449
Let o be 4/(-5)*(-3 - 27). Let b be (o/15)/((-4)/20). What are the prime factors of 176/33*(-30)/b?
2, 5
Suppose 0 = y + 3*o - 2, -y + 2 = -0*o - o. What are the prime factors of ((-5096)/(-16))/(1/y + 0)?
7, 13
Suppose -2*w + 115*k = 113*k - 5026, -2517 = -w - k. What are the prime factors of w?
5, 503
Suppose 0*c + 2*m - 1180 = -2*c, c - m = 592. Suppose -5*w + 12 = -13. List the prime factors of (-68)/(-85) + c/w.
7, 17
Let w(k) = -10*k**3 + 8*k**2 + 321*k - 86. List the prime factors of w(-14).
2, 31, 197
Suppose 94*s + 21 = 101*s. What are the prime factors of (45/(-15))/(s/(-10))?
2, 5
Suppose 5*j + 9*j - 14266 = 0. What are the prime factors of j?
1019
Suppose 4*s - 3*h = 42488, -3*s + 6*s - 31859 = 4*h. What are the prime factors of s?
5, 17
Let c = -49 - -52. What are the prime factors of ((-152)/(-2))/(4 + (-10)/c)?
2, 3, 19
Let i = 517 - 156. Let u = i - -252. List the prime factors of u.
613
Let c = 510 - 505. Suppose -1 = v, -c*v - 33 = d - 160. List the prime factors of d.
2, 3, 11
Let u(g) = -6*g**2 + 4*g + 44. Let d(k) = 5*k**2 - 3*k - 43. Let r(s) = 3*d(s) + 2*u(s). List the prime factors of r(-13).
479
Let c be 5/(-15)*(0 + -36). Suppose -4*k = -3*a + 29, a + 4*k - 19 = c. What are the prime factors of (-63 + -3)/(a/(-10))?
2, 11
Let t(b) = 2*b**2 + 11*b + 1. Let m be t(0). Suppose -r - 2*r - 5*g = 24, -4*r - 4*g = 32. List the prime factors of ((-16)/r)/(m/14).
2, 7
Let b be -1*(5 - 5) - -13. Suppose -b*j = -8*j + 55. List the prime factors of (-2)/((-2)/3) - 1419/j.
2, 3, 11
Suppose 0 = y + w - 1192, -2*w - 3*w + 4772 = 4*y. List the prime factors of y.
2, 3, 11
Let y(r) = 202*r - 113. What are the prime factors of y(71)?
3, 17, 31
Let n(v) = -4*v - 19. Let u be n(18). Let k = 255 + u. List the prime factors of k.
2, 41
Let d = -6710 - -36128. What are the prime factors of d?
2, 3, 4903
Suppose -1437 = -t - 4*h, 5117 = 5*t - 5*h - 1943. What are the prime factors of t?
13, 109
Let r = 11 + 318. Let x be (46/4)/(-8 + r/42). What are the prime factors of (x/6)/((2/(-4))/1)?
23
Let r = -59 + 57. List the prime factors of (-1)/((-308)/152 - r).
2, 19
Let u(d) = 3*d**2 - 115*d + 606. List the prime factors of u(81).
2, 3, 31, 59
Let y(v) = -191*v**3 + 22*v**2 - 20. List the prime factors of y(-5).
3, 5, 1627
Suppose -27 = -5*q - 20*s + 17*s, 5*q - 19 = -s. Let x(h) = 30*h**3 + 8*h**2 - 7*h - 14. List the prime factors of x(q).
7, 11
Let w be 576*2/18*15. Let a = w + -544. List the prime factors of a.
2, 13
Let b = 44 + 187. Suppose 153 = 4*c - b. What are the prime factors of c?
2, 3
Suppose -4*s - r - r = 42, 0 = -3*s + 5*r + 1. Let n be ((-116)/203)/(3/(-21)). What are the prime factors of 82 + n*4/s?
2, 5
What are the prime factors of ((-4)/10)/((-12)/(-45))*-33762?
3, 17, 331
Let v = 197 + -89. Suppose -12*g = -11*g - v. Let s = -3 + g. What are the prime factors of s?
3, 5, 7
Suppose -3*b = -5*a - 58545, 5*b - a = 49352 + 48201. List the prime factors of b.
2, 5, 1951
Let k be (2 + 0)/((-12)/(-30)). List the prime factors of 8/(k + (-2732)/548).
2, 137
Suppose 1255431 = -109*g + 216*g. List the prime factors of g.
3, 3911
Suppose 714*i = 621*i + 1667955. List the prime factors of i.
5, 17, 211
Let f be 8*(4/(-8) + 2). Suppose -24 = -l + 6*l - k, -4*l - f = k. What are the prime factors of ((-6 - l) + 0)*-50?
2, 5
What are the prime factors of (7 - (5 - 8)) + 2882?
2, 3, 241
Let y be ((-2)/(-3))/((-12)/(-126)). Let v = -10 - y. Let w(u) = u**2 + 5*u - 9. What are the prime factors of w(v)?
3, 5, 13
Suppose 15*z - 750776 = -50*z - 39*z. What are the prime factors of z?
7219
Let i = 54220 - 4603. List the prime factors of i.
3, 37, 149
Let m(d) = -131*d - 19. Let f be m(-9). Suppose -3*l - 4*s = -f - 1189, 3*s = 9. List the prime factors of l.
19, 41
Suppose -2 = b + 40. Let g = b + 164. Let x = 203 - g. What are the prime factors of x?
3
Suppose -5*k = w + 12, 0 = -9*w + 8*w - 3*k - 6. Suppose -t + 407 = x, x + w*t - 813 = -x. List the prime factors of x.
2, 3, 17
Let z(y) = -3*y - 16. Let t = 2 + -8. Let c be z(t). Suppose 263 = c*u + 3. What are the prime factors of u?
2, 5, 13
Suppose -34*p + 66380 = -17232 - 152858. List the prime factors of p.
5, 13, 107
Suppose -5*v + 46265 = 5*q, -393*v + 395*v - 9257 = -q. What are the prime factors of q?
3, 3083
Let p(j) = 404 - 792 + 43*j + 396. List the prime factors of p(7).
3, 103
Suppose 0 = -707*q + 668*q. Suppose 3*k - 683 = k + p, 668 = 2*k + 4*p. Suppose d + 34 - k = q. List the prime factors of d.
2, 3, 17
List the prime factors of (-29571)/(0 - 20 - -15 - 7/(-2)).
2, 9857
Suppose 8*i - 214973 = -9*i + 71035. What are the prime factors of i?
2, 3, 701
Suppose -t = -106 - 48. Let i = 214 - t. List the prime factors of i.
2, 3, 5
Let o(c) be the third derivative of -c**6/120 + 3*c**5/20 - c